(l - 3))*-8?
2
Suppose -78 = 5*d - 11*d. List the prime factors of d.
13
Suppose 0 = 3*s - 4*s + 5. Let j = 5 - s. Suppose j = -3*m + 7 - 1. List the prime factors of m.
2
Let u(q) = q**2 - 2*q - 14. What are the prime factors of u(6)?
2, 5
Suppose 5*b = -4*v - 18 + 5, 5*v - 5*b + 50 = 0. Let c = -4 + 6. What are the prime factors of (0 + c + v)*-1?
5
Let o be 105/9 + 2/6. Let v = -3 + o. What are the prime factors of v?
3
Let t(v) = -v**2 - 10*v - 2. Let i be t(-8). Suppose 4*d = -4*j + 88, 2*d - d - 3*j = i. What are the prime factors of d?
2, 5
Suppose 0 = -4*y - 4*q + 4, 0*y - 3*q = 2*y. Suppose 2*b + y*m + 2 = -0*b, 4*m + 1 = -3*b. What are the prime factors of b?
5
Let o = 2 - -99. List the prime factors of o.
101
Suppose 240 = 4*i - 172. What are the prime factors of i?
103
Suppose -2*y - 2*y = 0. Suppose c = j - c - 36, y = 2*j - 3*c - 75. List the prime factors of j.
2, 3, 7
Let l(n) = -n**3 + 7*n**2 - 5*n + 10. List the prime factors of l(5).
5, 7
Suppose 2*n = -0*n + 4. Suppose 6 = n*w - 4, 3*w = c + 9. Suppose 3*b + 4*f = 14, 2*f + c = -3*b + 16. What are the prime factors of b?
2
Suppose 0*f - 2*y = -2*f - 24, -2*f - 5*y = 24. Let h be (-7)/42 - 62/f. Suppose h*k = 4*i + 45, -5*k = i + 2 - 47. What are the prime factors of k?
3
Suppose 0 = -5*j + v - 1, j + 4*v = 6*j - 11. Let p(t) = -13*t**3 + 1. List the prime factors of p(j).
2, 7
Let w(y) = y**3 + 3*y**2. Let u be w(-3). Let n = 8 + u. What are the prime factors of n?
2
Let c be ((-2)/(-4))/((-2)/(-32)). Suppose 2*s = -2*s + 84. Suppose 0 = -2*y - 4*g - 12, g + s = -4*y + c*y. What are the prime factors of y?
2
Let w = 62 - -68. What are the prime factors of w?
2, 5, 13
Let a = -6 + 8. Suppose 0 = 5*m, v + 5*m = -a*v + 66. List the prime factors of v.
2, 11
Let j = -4 + 7. Suppose j*o = 4*c - 110, -c + 32 = o - 4*o. List the prime factors of c.
2, 13
Let c = -49 + 88. What are the prime factors of c?
3, 13
Suppose -17 = -v + 10. What are the prime factors of v?
3
Suppose 2*l + 2 = -12. Let a(d) = -d**3 - 7*d**2 + 6. Let h be a(l). Suppose 5*i - 8 - h = 2*u, 0 = 5*i - 4*u - 8. What are the prime factors of i?
2
Suppose -7*k - 1090 = -12*k. List the prime factors of k.
2, 109
Let p(k) = k**3 + 6*k**2 + 3*k - 5. Suppose 0*u = -2*u - 10. Let f be p(u). Suppose 0 = 5*h + 5*v, -40 = f*h - 10*h + 5*v. List the prime factors of h.
2
Suppose 3*r - 64 = 7*r. Let a be 10/8*2*-2. Let h = a - r. What are the prime factors of h?
11
Let h(s) be the second derivative of -4*s**3/3 - s**2/2 - s. What are the prime factors of h(-1)?
7
Let s(x) = -x**2 - 5*x + 2. Let q be s(-4). Suppose 0 = -q*n + 2*n. List the prime factors of 3 - (-1)/2*n.
3
Let g be 3 + 1 + -3 - -2. Suppose u + g*u + 12 = 4*s, -3*s = -u - 7. Suppose 0*m = -4*f + s*m + 36, -4*m - 2 = -f. What are the prime factors of f?
2, 5
Let u(y) = 9*y. Let h(g) = -g. Let s be h(-5). Suppose 2*q + 3 - s = 0. List the prime factors of u(q).
3
Let j = -3 - -6. Suppose 3*g - o - 30 = 2*o, -j*o + 18 = g. List the prime factors of g.
2, 3
Let n = -5 - -16. Suppose 0 = 4*m - 5*z + 3*z - 10, 0 = -5*m + 4*z + n. Suppose 0 = m*c - c - 12. What are the prime factors of c?
2, 3
Let m = -47 - -40. Let c = 0 - -1. What are the prime factors of 207/21 - c/m?
2, 5
Let r(l) = -l**3 + 11*l**2 + 3*l + 8. Let b be 5/(-2)*110/(-25). What are the prime factors of r(b)?
41
Suppose -4*y = 4, -m = -0*m + 2*y + 3. Let g = m + 1. Suppose g = 4*r - 44. List the prime factors of r.
11
Let w = 11 - 8. Suppose -4*j = -j - 3*n - 9, w*j + 7 = -n. Let z = j - -5. What are the prime factors of z?
2
Let v(d) = -d**2 - d. Let l(i) = -6*i**2 - 3*i + 3. Let f(u) = -l(u) + 2*v(u). Let b be f(3). Suppose b = -3*z + 84. What are the prime factors of z?
2
Suppose 131 = -10*n + 431. What are the prime factors of n?
2, 3, 5
Suppose q - 5*x = 77, 8*q - 4*q - 283 = -5*x. List the prime factors of q.
2, 3
Suppose 5*x + 2*t = 1308, 0 = 5*x - 4*t - 1810 + 496. List the prime factors of x.
2, 131
What are the prime factors of (-140)/2*(-1)/2?
5, 7
Let o = -26 + 29. Suppose f = 2*c + 2, -2*c - 5 = -o*c. What are the prime factors of f?
2, 3
Let v = 360 + -176. List the prime factors of v.
2, 23
Suppose -142 + 14 = -4*l. List the prime factors of l.
2
Let n = 641 - 446. List the prime factors of n.
3, 5, 13
Let j = 3 - 0. Suppose j*r = -5*z + 55, 3*z - 69 + 18 = -3*r. List the prime factors of r.
3, 5
List the prime factors of (1/(-2))/(3/(-252)).
2, 3, 7
Let b be (0 - (-2 - -1))*44. List the prime factors of (-7)/((-14)/b) - 4.
2, 3
Let u be 2/4 - (-3)/2. Suppose 16 = 5*m - m. Let t = u + m. List the prime factors of t.
2, 3
Let m(i) = -i**3 + 5*i**2 - 3*i - 2. Let l be m(4). Suppose -l*w + 0 = -4. What are the prime factors of w?
2
Let j = 1 + 2. Suppose -7*b + 16 = -j*b. What are the prime factors of b?
2
Let l = 88 - 57. Let w = l + -19. List the prime factors of w.
2, 3
Let v be 0 + 6/((-3)/3). Let l = -6 - v. List the prime factors of (-15)/(-9)*(6 - l).
2, 5
Let w(d) = -7*d + 40. List the prime factors of w(-5).
3, 5
Let i = 90 + -61. What are the prime factors of i?
29
Suppose u - 3*u - 1334 = -5*b, -2*b - 2*u = -528. List the prime factors of b.
2, 7, 19
Suppose -3*l + 15 = -54. What are the prime factors of l?
23
Suppose 0 = -9*v + 5*v - m - 3, -v + 12 = -4*m. Suppose 3*k - 33 - 12 = v. What are the prime factors of k?
3, 5
Let z = -23 - -23. Suppose z*l = -3*l + 135. What are the prime factors of l?
3, 5
Let t be (-8)/(-12) - (-5)/(-3). What are the prime factors of (17 - 1) + -1 + t?
2, 7
Let p = 1 - -3. Suppose 0 = -p*k - k + 20. Suppose 2*r - 16 = -y, -r = k*y + 4*r - 67. List the prime factors of y.
2, 3
Let x(u) = -2*u**3 - u**2 + 2*u + 1. Let k be x(2). Let y = k - -27. Suppose -3*s - y = -3*m + 2*s, 0 = 3*m + 2*s - 12. What are the prime factors of m?
2
Suppose -3*r = -4*r + 3. What are the prime factors of r?
3
Let f = -130 - -194. What are the prime factors of f?
2
Suppose 14 = -2*l - 2. Let u = l - -22. What are the prime factors of u?
2, 7
Let h(m) = m**2 - 2*m + 1. Let k be h(2). Let v be -4 + -5*4/(-10). List the prime factors of 10*k*v/(-4).
5
Suppose 128 = 2*u + 2*x, 0 = 2*u - 5*u - 5*x + 186. What are the prime factors of u?
67
Let p(r) = r**2 - 7*r - 4. Let u be p(8). Let h(x) = x - u - x - x. What are the prime factors of h(-7)?
3
Suppose -68 = t - 11. Let o = t - -96. List the prime factors of o.
3, 13
Let q = 6 + -3. Let x(w) = 2*w**2 - 2*w + 1. What are the prime factors of x(q)?
13
Suppose -5 = -c - k, 0*k - 2*k = -10. Suppose -2*i - u = -12, c*i = -5*i + u + 37. List the prime factors of i.
7
Let j(g) = g**3 + 9*g**2 - 17*g + 8. List the prime factors of j(-10).
2, 3, 13
Let o = -33 - 17. Let u = 72 + o. Suppose -2*s - u = -4*w - 70, -s - 3*w = 1. What are the prime factors of s?
2, 7
List the prime factors of -216*11/(165/(-10)).
2, 3
Let b = 236 + -141. List the prime factors of b.
5, 19
Let m = -6 - -19. List the prime factors of m.
13
Let w = -11 + 24. List the prime factors of w.
13
Suppose -6*l + 135 = -3*l. List the prime factors of l.
3, 5
Let x be (-4)/6*6/(-1). Suppose -x*w + 1 = -11. Suppose 2*c - 3*c - 16 = -4*b, w*b = c + 11. What are the prime factors of c?
2
Suppose 0 = -f + 4*f - 39. Let t = f - 0. List the prime factors of t.
13
List the prime factors of (-6)/(-10)*5 + 5.
2
Suppose k - 1 = -q, 4*q + 1 - 37 = 4*k. Suppose 0*t - 10 = -q*t. List the prime factors of t.
2
Suppose 204 = 4*s - 208. List the prime factors of s.
103
Let w be 33 - (4 - (-3 + 4)). List the prime factors of w/4*(-16)/(-6).
2, 5
Let m be 28/6 - 10/15. Suppose -m*b = -b + 6. Let t(y) = 3*y**2 + y + 2. List the prime factors of t(b).
2, 3
Suppose 2*g - 9 - 143 = 0. What are the prime factors of g?
2, 19
Let x(l) = -l**3 + 4*l**2 - l + 2. Let o be x(3). List the prime factors of ((-51)/(-6))/(4/o).
17
Suppose 0 = p - 5*c + 12, -3*c + 3 = 3*p - 5*p. Suppose -4*k + 3*u + 4 - 5 = 0, k + 7 = p*u. List the prime factors of k.
2
Let k(o) = 5*o**2 - o + 7. Let n(d) = 9*d**2 - 2*d + 13. Let i(f) = -7*k(f) + 4*n(f). List the prime factors of i(3).
3
Suppose 113 = 4*t - 51. Let l = t + -26. Let y = l + -9. List the prime factors of y.
2, 3
Let q(v) = v**3 + v**2 + v - 1. Let g be q(0). Let b be (-2)/(2*g/3). Suppose -r = -2*c + 36, b*c + 3*r - 36 + 0 = 0. What are the prime fac